
24
Let b(k) = -4*k**2 - 545*k - 5568. Determine b(-126).
-402
Let t(b) = -21330*b + 4969885. Give t(233).
-5
Let m(c) = -c**2 - 1124*c - 11358. Give m(-10).
-218
Let o(n) = 203*n - 29422. What is o(144)?
-190
Let f(s) = 2*s**2 + 2636*s - 986203. Determine f(304).
-27
Let i(f) = -31774*f + 2923237. What is i(92)?
29
Let d(s) = -3*s**2 - 16732*s - 100276. What is d(-6)?
8
Let s(i) = -36*i**3 + 2232*i**2 + i + 22. Give s(62).
84
Let l(p) = 41990*p - 168070. What is l(4)?
-110
Let j(w) = -3*w**3 + 33*w**2 - 391*w + 4296. Calculate j(11).
-5
Let i(u) = -43*u**2 + 159*u + 216. Calculate i(-1).
14
Let w(a) = -2*a**3 - 70*a**2 + 3544*a + 28. Determine w(28).
476
Let l(h) = 6*h**3 - 24*h**2 + 59*h + 55. What is l(4)?
291
Let k(d) = -d**3 - 1370*d**2 + 9684*d + 61964. What is k(-1377)?
-1
Let f(i) = 127759*i - 1788757. Determine f(14).
-131
Let h(i) = 2*i**3 - 8898*i**2 + 4*i - 147. What is h(0)?
-147
Let z(r) = r**2 + 5089*r + 1450152. Determine z(-303).
-6
Let k(l) = -553407*l - 111. Give k(0).
-111
Let x(y) = -15080*y - 527858. Calculate x(-35).
-58
Let c(s) = 2*s**2 + 4971*s - 1702212. Calculate c(305).
-7
Let g(n) = -198*n**2 + 146513*n + 5161. Calculate g(740).
-19
Let p(r) = -3026*r + 9663. What is p(4)?
-2441
Let q(k) = k**3 - 93*k**2 - 57*k - 3580. What is q(94)?
-102
Let o(g) = 3*g**2 + 43*g - 598. Calculate o(-21).
-178
Let l(p) = -325*p**2 + 13652*p + 74. Calculate l(42).
158
Let i(f) = 2*f**3 + 340*f**2 - 251*f + 15504. What is i(-171)?
-57
Let u(a) = 4*a**2 + 1727*a + 159418. Give u(-298).
-12
Let g(q) = -q**2 + 966*q + 93931. What is g(-89)?
36
Let x(i) = 14904*i**2 + 29740*i - 150. What is x(-2)?
-14
Let g(u) = -u**3 - 202*u**2 - 9667*u + 279. Calculate g(-124).
-341
Let h(p) = 6*p**3 + 30*p**2 + 134*p + 101. Calculate h(-1).
-9
Let t(y) = 640*y**2 - 3184*y - 95. What is t(5)?
-15
Let a(y) = 130*y**2 - 20798*y - 246. What is a(160)?
74
Let q(h) = 22*h**2 + 11807*h - 720469. What is q(-592)?
-5
Let p(x) = 945*x - 9587. Calculate p(10).
-137
Let x(b) = 1427*b**2 + 17119*b + 22. Determine x(-12).
82
Let x(t) = -2*t**2 - 327*t - 11874. Give x(-50).
-524
Let r(x) = 2*x**2 - 60*x - 43. Determine r(14).
-491
Let a(m) = -847*m + 59342. Give a(70).
52
Let y(h) = -5*h**2 + 135940*h + 1904151. Calculate y(-14).
11
Let l(a) = a**3 - 107*a**2 + 2364*a - 223. Calculate l(31).
25
Let s(d) = -5*d**2 + 684*d + 33439. What is s(175)?
14
Let m(f) = 30*f**3 + 52*f**2 + 62*f + 8. Calculate m(-1).
-32
Let s(m) = 5*m**2 + 48*m - 249. Give s(13).
1220
Let l(y) = 2*y**2 - 4141*y + 154126. What is l(38)?
-344
Let c(z) = z**3 - 768*z**2 - 20593*z - 40500. Determine c(794).
-6
Let c(x) = x**3 + 14*x**2 - 65*x - 964. What is c(8)?
-76
Let l(f) = -11*f**3 + 11*f**2 - 271*f + 732. Calculate l(3).
-279
Let u(g) = -854279*g + 8542773. What is u(10)?
-17
Let t(d) = d**3 - 13*d - 138. What is t(6)?
0
Let q(s) = -145*s**2 + 44941*s + 2787. Calculate q(310).
-3
Let q(k) = -k**3 - 119*k**2 - 3419*k + 1602. Calculate q(-50).
52
Let g(p) = 78906*p + 552340. Calculate g(-7).
-2
Let w(c) = 17*c**2 - 2454*c - 15538. Determine w(-6).
-202
Let o(z) = 291*z - 12163. Calculate o(40).
-523
Let v(f) = -f**2 - 4525*f - 116974. Determine v(-26).
0
Let q(a) = -5*a**2 - 1615*a + 9805. Determine q(-329).
-65
Let n(d) = -38*d**2 + 355*d + 4063. Calculate n(-11).
-4440
Let k(o) = 12*o**3 + 123*o**2 + 50*o + 193. Give k(-10).
-7
Let p(f) = 115*f + 1962. Give p(-12).
582
Let n(d) = 126*d**2 + 2560*d + 693. Calculate n(-20).
-107
Let v(g) = 14*g**2 - 1828*g + 1828. Calculate v(1).
14
Let f(c) = c**3 - 618*c**2 + 44388*c + 1411. Give f(83).
0
Let i(a) = -5*a**3 + 2455*a**2 - 7335*a + 7319. Determine i(488).
-1
Let y(f) = -f**2 + 1555*f - 7735. Give y(5).
15
Let k(z) = -31591*z + 2053405. What is k(65)?
-10
Let z(t) = -t**3 + 114*t**2 - 185*t - 495. What is z(3)?
-51
Let o(y) = 2*y**2 - 416*y + 19053. Determine o(69).
-129
Let d(m) = -4228*m - 123086. Determine d(-29).
-474
Let i(f) = 1220571*f + 3661712. Determine i(-3).
-1
Let q(c) = 24*c**2 + 4521*c - 21425. Calculate q(-193).
-2
Let f(w) = w**3 - 39*w**2 + 4297*w - 145492. Calculate f(35).
3
Let y(h) = 2*h**3 + 181*h**2 - 1683*h + 196. Give y(-99).
196
Let r(z) = -127*z**3 + 16*z**2 + 64*z - 180. What is r(2)?
-1004
Let q(y) = -30*y**2 + 37*y + 147. Calculate q(-8).
-2069
Let u(k) = -28885*k + 548842. Determine u(19).
27
Let x(p) = -159*p - 52015. Determine x(-327).
-22
Let k(r) = -4*r**2 + 134*r - 675. Give k(6).
-15
Let d(u) = -4431*u + 4291. What is d(1)?
-140
Let n(r) = -r**2 - 241*r + 69312. Determine n(169).
22
Let k(j) = -55*j**3 - 11933*j**2 + 442*j + 1745. Calculate k(-217).
9
Let m(d) = -3*d**2 + 982*d - 61937. What is m(242)?
15
Let m(q) = -312*q + 173798. What is m(557)?
14
Let g(n) = n**2 - 490*n - 98362. What is g(-153)?
17
Let t(y) = -y**3 - 110*y**2 + 228*y - 12519. Give t(-113).
24
Let k(z) = -15583*z + 6576020. Determine k(422).
-6
Let r(p) = 45*p**2 + 1278*p + 9038. Calculate r(-17).
317
Let s(w) = 2*w**2 - 39289*w + 706565. What is s(18)?
11
Let i(h) = 22097*h + 20924. Give i(-1).
-1173
Let c(t) = t**3 + 40*t**2 + 372*t + 113. Calculate c(-14).
1
Let k(v) = -22*v**2 + 111652*v - 334963. Determine k(3).
-205
Let g(u) = 2*u**3 + 48*u**2 - 88*u + 399. Calculate g(-26).
-17
Let p(d) = -d**3 + 41*d**2 - 154*d + 1518. What is p(38)?
-2
Let z(q) = 3346*q - 6342. Calculate z(2).
350
Let f(d) = 3*d**2 + 1612*d - 24541. Determine f(15).
314
Let t(i) = -7*i**2 + 674*i + 439. What is t(94)?
1943
Let z(h) = -h**3 + 69*h**2 - 64*h - 300. Give z(68).
-28
Let m(o) = -2*o**2 + 15087*o + 75472. What is m(-5)?
-13
Let d(s) = -16*s**2 + 6183*s - 2697. Determine d(386).
5
Let l(o) = -o**2 - 974*o - 237229. Calculate l(-486).
-61
Let d(x) = -4*x**2 - 62441*x + 374736. Give d(6).
-54
Let t(s) = s**3 - 135*s**2 + 273*s - 452. Determine t(133).
479
Let p(n) = 92*n + 3798. Give p(-39).
210
Let g(c) = 946*c + 23421. What is g(-25)?
-229
Let f(u) = u**2 + 314697*u + 3776228. Determine f(-12).
8
Let u(c) = 163*c + 115. Calculate u(-4).
-537
Let q(a) = 349*a**2 + 4587*a - 22. Determine q(-14).
4164
Let a(u) = u**2 + 30*u - 5106. What is a(56)?
-290
Let f(v) = -3*v**3 - 77*v**2 - 260*v - 160. Determine f(-3).
8
Let f(r) = r**3 - 567*r**2 - 35569*r + 632. What is f(624)?
8
Let z(s) = -s**3 - 43*s**2 - 137*s - 87. What is z(-40)?
593
Let y(b) = -b**3 + 168*b**2 + 1815*b - 71658. What is y(176)?
-26
Let k(c) = -41133*c + 370226. What is k(9)?
29
Let m(r) = -210*r + 831. Determine m(11).
-1479
Let t(i) = -i**3 + 62*i**2 - 451*i - 4. Determine t(8).
-156
Let i(a) = a**2 + 936*a - 22536. Calculate i(24).
504
Let n(w) = -10*w**2 - 187923*w - 563772. What is n(-3)?
-93
Let o(v) = 3*v**2 + 1210*v + 42895. Calculate o(-38).
1247
Let v(b) = 2*b**3 - 7*b**2 - 462*b - 413. What is v(-13)?
16
Let x(s) = -3*s**2 + 137*s + 762. Determine x(60).
-1818
Let b(s) = 7*s**2 + 852*s - 700511. Give b(-383).
-4
Let m(o) = 1408*o - 380207. Give m(270).
-47
Let z(k) = -11396*k + 11293. Give z(1).
-103
Let r(m) = -720*m + 50402. What is r(70)?
2
Let y(o) = 2355487*o - 11777430. Calculate y(5).
5
Let j(g) = -46314*g - 509753. Calculate j(-11).
-299
Let m(z) = -29*z**3 + 5779*z**2 - 24183*z + 580. Determine m(195).
-5
Let f(j) = 2*j**3 - 28211*j**2 + 169195*j + 26. Give f(6).
32
Let w(f) = 707*f**2 + 9908*f - 71. What is w(-14)?
-211
Let q(r) = -5*r**2 - 1572*r + 78043. What is q(-358)?
-1
Let z(l) = -3*l**3 + 17*l**2 + 33*l - 133. Calculate z(8).
-317
Let f(n) = 2*n**3 + 26*n**2 - 31*n - 324. Give f(-11).
501
Let g(v) = 12080*v + 108826. What is g(-9)?
106
Let a(c) = -c**3 + c**2 + 38*c + 52. What is a(-5)?
12
Let k(i) = 4862*i - 43747. Give k(9).
11
Let f(q) = q**2 - 4285*q + 85167. Determine f(20).
-133
Let m(f) = -f**2 + 2565*f + 83053. Determine m(-32).
-51
Let j(t) = 2246*t - 11353. Give j(5).
-123
Let x(t) = 460*t - 5306. Calculate x(10).
-706
Let b(z) = 610*z - 18491. Give b(35).
2859
Let u(l) = -39*l**2 + 1597*l - 10277. What is u(8)?
3
Let h(s) = -467*s + 27658. Determine h(59).
105
Let n(h) = -34*h**2 + 6676*h - 53432. Give n(8).
-2200
Let o(c) = -93*c**2 - 188*c - 567. What is o(-3)?
-840
Let k(g) = -5*g**3 - 11*g**2 - 471*g + 4301. Calculate k(6).
-1
Let b(a) = -223*a**3 - 2451*a**2 - 51*a - 808. What is b(-11)?
-5
Let t(l) = 2*l**2 - 2083449*l - 10417291. Determin